{"id":25,"date":"2023-03-02T09:42:48","date_gmt":"2023-03-02T09:42:48","guid":{"rendered":"https:\/\/josevicente.eu\/red\/about\/"},"modified":"2023-03-29T22:56:01","modified_gmt":"2023-03-29T22:56:01","slug":"about","status":"publish","type":"page","link":"https:\/\/josevicente.eu\/red\/about\/","title":{"rendered":"Sobre mim&#8230;"},"content":{"rendered":"\n\n\n\n\n\n\n\n\n\n<p>Ol\u00e1!<\/p>\n<p>O meu nome \u00e9 Jos\u00e9 Vicente e sou professor de Educa\u00e7\u00e3o Visual e de Complemento \u00e0 Educa\u00e7\u00e3o Art\u00edstica no Agrupamento de Escolas do Sudeste de Bai\u00e3o.<\/p>\n<p>Sou Licenciado em Arquitetura de Design pela Faculdade de Arquitetura da Universidade T\u00e9cnica de Lisboa e fiz a profissionaliza\u00e7\u00e3o em servi\u00e7o no grupo 600 (Artes Visuais).<br><\/p><p>Sou criativo e tamb\u00e9m gosto de despertar a criatividade nos meus alunos.&nbsp;<\/p><p>As minhas \u00e1reas de interesse s\u00e3o a pintura<img decoding=\"async\" draggable=\"true\" role=\"img\" class=\"emoji\" alt=\"\ud83c\udfa8\" src=\"https:\/\/s.w.org\/images\/core\/emoji\/14.0.0\/svg\/1f3a8.svg\">, a arquitetura<img decoding=\"async\" draggable=\"true\" role=\"img\" class=\"emoji\" alt=\"\ud83c\udfd9\" src=\"https:\/\/s.w.org\/images\/core\/emoji\/14.0.0\/svg\/1f3d9.svg\">, o design<img decoding=\"async\" draggable=\"true\" role=\"img\" class=\"emoji\" alt=\"\ud83d\udca1\" src=\"https:\/\/s.w.org\/images\/core\/emoji\/14.0.0\/svg\/1f4a1.svg\">, o cinema<img decoding=\"async\" draggable=\"true\" role=\"img\" class=\"emoji\" alt=\"\ud83c\udfac\" src=\"https:\/\/s.w.org\/images\/core\/emoji\/14.0.0\/svg\/1f3ac.svg\">, o teatro<img decoding=\"async\" draggable=\"true\" role=\"img\" class=\"emoji\" alt=\"\ud83c\udfad\" src=\"https:\/\/s.w.org\/images\/core\/emoji\/14.0.0\/svg\/1f3ad.svg\">, a m\u00fasica<img decoding=\"async\" draggable=\"true\" role=\"img\" class=\"emoji\" alt=\"\ud83c\udfb5\" src=\"https:\/\/s.w.org\/images\/core\/emoji\/14.0.0\/svg\/1f3b5.svg\"> e tamb\u00e9m a inform\u00e1tica<img decoding=\"async\" draggable=\"true\" role=\"img\" class=\"emoji\" alt=\"\ud83d\ude09\" src=\"https:\/\/s.w.org\/images\/core\/emoji\/14.0.0\/svg\/1f609.svg\"><img decoding=\"async\" draggable=\"true\" role=\"img\" class=\"emoji\" alt=\"\ud83d\udcbb\" src=\"https:\/\/s.w.org\/images\/core\/emoji\/14.0.0\/svg\/1f4bb.svg\">.<\/p>\n<p>Agrupamento de Escolas do Sudeste de Bai\u00e3o.<br><\/p>\n\n\n\n\n","protected":false},"excerpt":{"rendered":"","protected":false},"author":1,"featured_media":0,"parent":0,"menu_order":0,"comment_status":"closed","ping_status":"closed","template":"","meta":{"footnotes":""},"class_list":["post-25","page","type-page","status-publish","hentry"],"_links":{"self":[{"href":"https:\/\/josevicente.eu\/red\/wp-json\/wp\/v2\/pages\/25","targetHints":{"allow":["GET"]}}],"collection":[{"href":"https:\/\/josevicente.eu\/red\/wp-json\/wp\/v2\/pages"}],"about":[{"href":"https:\/\/josevicente.eu\/red\/wp-json\/wp\/v2\/types\/page"}],"author":[{"embeddable":true,"href":"https:\/\/josevicente.eu\/red\/wp-json\/wp\/v2\/users\/1"}],"replies":[{"embeddable":true,"href":"https:\/\/josevicente.eu\/red\/wp-json\/wp\/v2\/comments?post=25"}],"version-history":[{"count":6,"href":"https:\/\/josevicente.eu\/red\/wp-json\/wp\/v2\/pages\/25\/revisions"}],"predecessor-version":[{"id":173,"href":"https:\/\/josevicente.eu\/red\/wp-json\/wp\/v2\/pages\/25\/revisions\/173"}],"wp:attachment":[{"href":"https:\/\/josevicente.eu\/red\/wp-json\/wp\/v2\/media?parent=25"}],"curies":[{"name":"wp","href":"https:\/\/api.w.org\/{rel}","templated":true}]}}

<p>Olá!</p>
<p>O meu nome é José Vicente e sou professor de Educação Visual e de Complemento à Educação Artística no Agrupamento de Escolas do Sudeste de Baião.</p>
<p>Sou Licenciado em Arquitetura de Design pela Faculdade de Arquitetura da Universidade Técnica de Lisboa e fiz a profissionalização em serviço no grupo 600 (Artes Visuais).<br></p><p>Sou criativo e também gosto de despertar a criatividade nos meus alunos.&nbsp;</p><p>As minhas áreas de interesse são a pintura<img decoding="async" draggable="true" role="img" class="emoji" alt="🎨" src="https://s.w.org/images/core/emoji/14.0.0/svg/1f3a8.svg">, a arquitetura<img decoding="async" draggable="true" role="img" class="emoji" alt="🏙" src="https://s.w.org/images/core/emoji/14.0.0/svg/1f3d9.svg">, o design<img decoding="async" draggable="true" role="img" class="emoji" alt="💡" src="https://s.w.org/images/core/emoji/14.0.0/svg/1f4a1.svg">, o cinema<img decoding="async" draggable="true" role="img" class="emoji" alt="🎬" src="https://s.w.org/images/core/emoji/14.0.0/svg/1f3ac.svg">, o teatro<img decoding="async" draggable="true" role="img" class="emoji" alt="🎭" src="https://s.w.org/images/core/emoji/14.0.0/svg/1f3ad.svg">, a música<img decoding="async" draggable="true" role="img" class="emoji" alt="🎵" src="https://s.w.org/images/core/emoji/14.0.0/svg/1f3b5.svg"> e também a informática<img decoding="async" draggable="true" role="img" class="emoji" alt="😉" src="https://s.w.org/images/core/emoji/14.0.0/svg/1f609.svg"><img decoding="async" draggable="true" role="img" class="emoji" alt="💻" src="https://s.w.org/images/core/emoji/14.0.0/svg/1f4bb.svg">.</p>
<p>Agrupamento de Escolas do Sudeste de Baião.<br></p>
